5*o - 4 = 1. Let d = 2 + o. List the prime factors of (1/d)/(2/42).
7
Let t(v) = v**2 - 4*v + 7. Let a be t(5). Suppose 0 = -l + 2*l - a. List the prime factors of l.
2, 3
Suppose -3*w - 18 = -5*w. What are the prime factors of w?
3
Let d(o) = o**3 - 7*o**2 + 2*o - 3. Let s(j) = 2*j**3 - 15*j**2 + 3*j - 7. Let w(x) = 7*d(x) - 3*s(x). List the prime factors of w(4).
2, 5
Suppose 3*d - 114 = -33. List the prime factors of d.
3
Let p(z) = 2*z**2 - 8*z - 4. List the prime factors of p(5).
2, 3
Let i(h) = 2*h**2 - 8*h - 12. List the prime factors of i(8).
2, 13
Suppose 80 = 5*s - s. Suppose 2*n - 34 = s. List the prime factors of n.
3
Suppose -5 = 2*n - 39. List the prime factors of n.
17
Suppose -8*g + 13*g = 50. List the prime factors of g.
2, 5
Suppose 2*f + f = 15. Let c(h) = h + 8. What are the prime factors of c(f)?
13
Suppose -3*c = -5 + 2. Suppose -2*w = 7 + c. What are the prime factors of 1/w + 26/8?
3
Let d be 4/(1 - 3) - -74. Suppose l + 2 = d. Suppose 2*c = n - 3*n + 34, 2*n = -5*c + l. List the prime factors of c.
2, 3
Let x = -17 + 25. Let h(z) = -z**3 + z**2 - 2*z**2 - 9 + x + 3*z. What are the prime factors of h(-3)?
2
Let m = 2 + 3. Suppose -m*u - 3*t = -0*t - 1, 5*t = -5*u - 5. Let b(r) = 2*r. What are the prime factors of b(u)?
2
Let x = 41 + -97. Let k = -5 - x. List the prime factors of k.
3, 17
Let f(d) = 2*d - 9. Let k be f(7). Suppose 32 + 43 = k*q. List the prime factors of q.
3, 5
Let s be ((-3)/(-9))/(2/(-174)). Let f = s - -49. List the prime factors of f.
2, 5
Let x(c) = -c - 2. Let y be x(-6). Let m = y - -6. List the prime factors of m.
2, 5
Let v(s) = -s**2 - 13*s - 10. Let x(h) = -h**3 - 5*h**2 + 3*h - 3. Let p be x(-6). Let z = p - 27. What are the prime factors of v(z)?
2
Let f(u) = -3*u**3 - 7*u**2 - u - 3. Let n(r) = 16*r**3 + 35*r**2 + 5*r + 16. Let q(j) = 11*f(j) + 2*n(j). What are the prime factors of q(-7)?
2, 3
Suppose -4*i + 8*z = 3*z - 31, 0 = -2*i - 5*z + 23. Suppose -4*c + i = -c. List the prime factors of c - (-2 - 1 - -3).
3
Let b(g) = g**3 + 14*g**2 + 16*g + 20. List the prime factors of b(-12).
2, 29
List the prime factors of (5/10)/(2/384).
2, 3
Suppose 0*y - 3*y - c = -313, 4*c = 4*y - 444. List the prime factors of y.
2, 53
Suppose 3*m - 41 = -17. Suppose 3*x = -3*j - 3, -2*x - 4*j + m*j = -16. List the prime factors of x.
2
Suppose -2*c = -88 - 22. Let y = 95 - c. Suppose 3*a = -2*a + y. What are the prime factors of a?
2
Let x be (-10)/2*(-6)/5. Let y(h) = -5 - 4*h + 0 + 2*h**3 - h**3 - 5*h**2 + 0. What are the prime factors of y(x)?
7
Suppose -h - 5 - 8 = -4*t, -2*t + 4*h + 24 = 0. Suppose s - t*i - 16 = 0, 4*s = 3*i - 7*i + 112. What are the prime factors of s?
2, 3
Suppose -4*d - 2*r = -d - 97, 0 = -2*d - 2*r + 62. List the prime factors of d.
5, 7
Let w(l) = l**2 + 3*l + 9. What are the prime factors of w(0)?
3
Let c = 6 + -4. Let g(q) = 0*q**c + 8*q**2 + 5*q**2. What are the prime factors of g(-1)?
13
What are the prime factors of 5522/99 - 4/(-18)?
2, 7
Suppose -3*n - 2*x + 147 = -295, -4*n - 2*x + 586 = 0. List the prime factors of n.
2, 3
Let y = 7 + -3. Let q(r) = r**2 - 8*r + 5. Let o be q(y). Let z = o - -19. What are the prime factors of z?
2
Let n(p) = p + 5 - 3 - 5 + 3*p. What are the prime factors of n(3)?
3
Suppose -7*f + 3*f = 8. Let l be (-16)/f*(-1)/(-2). Suppose 0 = p + l*p - 105. What are the prime factors of p?
3, 7
Suppose -3*o = 3*x - 861, -3*x = o - 243 - 52. List the prime factors of o.
283
Let l = -19 + 34. Let z be ((-5)/20)/((-1)/(-4)). What are the prime factors of (z + 2)*(-3 + l)?
2, 3
Let p(c) = -2*c**2 - c. Let w be p(-2). Let h = w + 15. What are the prime factors of h?
3
Let l(z) = z**3 - 4*z**2 - 13*z + 10. What are the prime factors of l(7)?
2, 3, 11
Let k be -58*(3/2 - 2). Let w = 45 - k. What are the prime factors of w?
2
Let z(n) = -16*n - 28. What are the prime factors of z(-9)?
2, 29
Let o(i) = -i**2 - 11*i + 8. Let c be (-1)/(-3) + 6/9. Let w be 11*(-3 - (c + -3)). What are the prime factors of o(w)?
2
Let o = 8 - -29. What are the prime factors of o?
37
Let t(y) = y - 5. Suppose 0 = -0*h + 3*h - 21. Let k be t(h). Let b = 5 + k. What are the prime factors of b?
7
Let q(n) = 19*n + 6. List the prime factors of q(3).
3, 7
Suppose 3*s + 4*o - 26 = 0, s = -5*o + 12 + 4. What are the prime factors of ((-18)/12)/(s/(-20))?
5
Let f = 248 - 129. What are the prime factors of f?
7, 17
Let b = 6 - 6. List the prime factors of 0 + (0 - (-12 + b)).
2, 3
Let q(a) = 2*a**2 - 2*a - 1. Let k be q(-1). Suppose 17 = k*c - 34. List the prime factors of c.
17
Suppose 0 = 2*r - 4 - 0. Suppose 15 = g + r*g. What are the prime factors of g?
5
Suppose 0 = -n + 11. Suppose p + 0*p - n = 0. List the prime factors of p.
11
Let z(s) = -1 + 0*s - 3*s + 4. Let q = -28 + 22. What are the prime factors of z(q)?
3, 7
Suppose -7*i - 240 = -11*i. What are the prime factors of i?
2, 3, 5
Suppose -3*r - 2*r + 200 = 0. List the prime factors of r.
2, 5
Let y = 4 - 0. Suppose -4*f = -5*r - 9, -r + 5*f = 3*r + 9. Let z = y + r. What are the prime factors of z?
3
Suppose 36 = -4*p + 8*p. What are the prime factors of p?
3
Let m be ((-6)/(-8))/(2/48). Let q = m - 8. List the prime factors of q.
2, 5
Let i(d) = d**2 + 7*d + 6. Let x be i(-6). Suppose x = -o + 2 + 3. What are the prime factors of o?
5
Suppose 8 = -4*h, -5*l - 2*h = -7*h - 25. Suppose -l*j = -2*a - 51, -j + 2*j + 2*a = 25. List the prime factors of j.
19
Let o = -25 - -15. Let s(w) = -w**3 - 10*w**2 + 12. What are the prime factors of s(o)?
2, 3
Let w(m) = 3*m**3 + 9*m**2 + 14*m - 10. Let f(i) = 4*i**3 + 10*i**2 + 15*i - 10. Let v(h) = 4*f(h) - 5*w(h). List the prime factors of v(7).
2, 19
Suppose c - 24 = 127. List the prime factors of c.
151
Suppose -205 = -5*f + 50. What are the prime factors of f?
3, 17
Suppose 2*z + 0*z - 64 = -5*u, -z = -u - 39. List the prime factors of z.
37
Suppose 3*y - 2*v = 2*v + 314, y - 4*v = 102. List the prime factors of y.
2, 53
Suppose -2*y + 2 = -4*q, 0 = 3*y + y - 3*q - 19. Suppose 5*r + y = 32. Suppose -3*h - 10 = -r*h. What are the prime factors of h?
5
Let q(x) = x**3 + 10*x**2 - 4*x - 11. Suppose 24 = -2*j + 2*b - 0*b, -j - 4 = 3*b. What are the prime factors of q(j)?
29
Suppose -c + 150 = 2*l, -85 = -3*l - 5*c + 126. What are the prime factors of l?
7, 11
Let y = 43 - -60. List the prime factors of y.
103
Let i(p) = -p**2 + 3*p + 4. Let n be i(3). Suppose n*u - 22 = 18. What are the prime factors of u?
2, 5
Suppose 19*x - 25*x + 630 = 0. What are the prime factors of x?
3, 5, 7
Let o(d) = -1 + 0 + 5 - d - 3. Let n(g) = -5*g + 7. Let r(t) = -n(t) + 2*o(t). List the prime factors of r(5).
2, 5
Let c = -60 + 211. Let i be 5/(-25) - c/(-5). Suppose -3*m = -m + j - i, -4*m - 3*j + 64 = 0. List the prime factors of m.
13
Let v(b) = b - 2. Suppose -4*w + 13 = y, w - 21 = -2*w + 3*y. What are the prime factors of v(w)?
2
Let c(z) = 3*z**2 + 4*z - 2. Let g be c(3). Let w = -52 + g. List the prime factors of 65/w*-3*1.
13
Let v be (-3 - 0)*(-55)/3. Suppose 4*h - 3*d = 176, h + 0*h - v = -2*d. Suppose -4*m + 3*g = -0 - h, -g + 21 = 2*m. What are the prime factors of m?
11
Suppose 5*x + 0 - 27 = -v, 0 = 4*x - 20. List the prime factors of 13*2/(v/1).
13
Let i(b) = 5*b - 16. List the prime factors of i(7).
19
Suppose 7*t = 2*t + 10. Let h be (-2)/(-5) + t/(-5). What are the prime factors of (h - -1)/2*14?
7
Let s = -3 + 64. What are the prime factors of s?
61
Let g(i) = -2*i**2 + 2*i + 2. Let k be g(5). Let a = k - -58. Let w = a + -6. What are the prime factors of w?
2, 7
Suppose -5*j - z = -189, 9*z - 4*z = -4*j + 147. What are the prime factors of j?
2, 19
Let m = 23 + -8. List the prime factors of m.
3, 5
Let s = 11 + -7. List the prime factors of (s + -2)*13/2.
13
Let a(z) = -z - 1. Let m be a(-5). Suppose 2*n - 36 = -5*v, m*v = 6*v - n - 9. List the prime factors of v.
2, 3
Let s = 38 + 3. Suppose -54 - s = -5*l. What are the prime factors of l?
19
Suppose 0 = -2*k - 2*m + 37 + 3, 5*m + 20 = 3*k. List the prime factors of k.
3, 5
Let h(x) = -4*x + 33. List the prime factors of h(-11).
7, 11
Let g(k) = -k**3 - k**2 + 4. Suppose v + 12 = 3*v. Suppose 0 = 5*o - j - j + v, -2*j = 4*o - 6. What are the prime factors of g(o)?
2
Let d(w) = 35*w - 1. Let g be d(2). Suppose 3*i = -4*h - g, -h = 2